{"id":5339,"date":"2025-03-06T12:26:09","date_gmt":"2025-03-06T12:26:09","guid":{"rendered":"https:\/\/xn--saumendi-e3a.com\/?page_id=5339"},"modified":"2025-06-05T21:59:45","modified_gmt":"2025-06-05T21:59:45","slug":"cria","status":"publish","type":"page","link":"https:\/\/xn--saumendi-e3a.com\/?page_id=5339","title":{"rendered":"Cr\u00eda y selecci\u00f3n"},"content":{"rendered":"\t\t<div data-elementor-type=\"wp-page\" data-elementor-id=\"5339\" class=\"elementor elementor-5339\">\n\t\t\t\t\t\t<section class=\"elementor-section elementor-top-section elementor-element elementor-element-b5e20c7 elementor-section-full_width elementor-section-height-default elementor-section-height-default\" data-id=\"b5e20c7\" data-element_type=\"section\">\n\t\t\t\t\t\t<div class=\"elementor-container elementor-column-gap-no\">\n\t\t\t\t\t<div class=\"elementor-column elementor-col-100 elementor-top-column elementor-element elementor-element-210cd8b\" data-id=\"210cd8b\" data-element_type=\"column\">\n\t\t\t<div class=\"elementor-widget-wrap elementor-element-populated\">\n\t\t\t\t<div class=\"elementor-element elementor-element-a7ce28b e-flex e-con-boxed e-con e-parent\" data-id=\"a7ce28b\" data-element_type=\"container\">\n\t\t\t\t\t<div class=\"e-con-inner\">\n\t\t\t\t<div class=\"elementor-element elementor-element-846f350 elementor-widget elementor-widget-text-editor\" data-id=\"846f350\" data-element_type=\"widget\" data-widget_type=\"text-editor.default\">\n\t\t\t\t<div class=\"elementor-widget-container\">\n\t\t\t\t\t\t\t\t\t<h3 data-start=\"0\" data-end=\"66\"><img fetchpriority=\"high\" decoding=\"async\" class=\" wp-image-5520 alignright\" src=\"https:\/\/xn--saumendi-e3a.com\/wp-content\/uploads\/2025\/06\/Imagen-de-WhatsApp-2025-06-05-a-las-23.57.46_6f4f1052-271x300.jpg\" alt=\"\" width=\"463\" height=\"407\" \/><strong data-start=\"4\" data-end=\"66\">Cr\u00eda de Perros Setter Ingl\u00e9s: Compromiso con la Excelencia<\/strong><\/h3><p data-start=\"68\" data-end=\"333\">En nuestra labor de criar Setter Ingl\u00e9s, nos enfocamos en mantener y mejorar las cualidades excepcionales de esta raza. Nuestra filosof\u00eda est\u00e1 basada en cuatro pilares fundamentales que garantizan el bienestar de los animales y la satisfacci\u00f3n de nuestros clientes.<\/p><h4 data-start=\"335\" data-end=\"383\"><strong data-start=\"340\" data-end=\"383\">Selecci\u00f3n Cuidadosa de Machos y Hembras<\/strong><\/h4><p data-start=\"384\" data-end=\"706\">El proceso comienza con una rigurosa selecci\u00f3n de los mejores ejemplares, tanto machos como hembras. Evaluamos no solo su gen\u00e9tica, sino tambi\u00e9n su temperamento, habilidades y salud. Nuestro objetivo es perpetuar las caracter\u00edsticas distintivas del Setter Ingl\u00e9s: su elegancia, inteligencia y capacidad como perro de caza.<\/p><h4 data-start=\"708\" data-end=\"745\"><strong data-start=\"713\" data-end=\"745\">Pocas Camadas, Mayor Calidad<\/strong><\/h4><p data-start=\"746\" data-end=\"1064\">Creemos en la calidad sobre la cantidad. Por ello, criamos pocas camadas al a\u00f1o, lo que nos permite dedicar tiempo y recursos para garantizar que cada cachorro reciba la mejor atenci\u00f3n posible. Este enfoque nos ayuda a mejorar constantemente nuestra l\u00ednea, priorizando la salud y las habilidades innatas de los perros.<\/p><h4 data-start=\"1066\" data-end=\"1105\"><strong data-start=\"1071\" data-end=\"1105\">Cachorros con Instinto Cazador<\/strong><\/h4><p data-start=\"1106\" data-end=\"1423\">El Setter Ingl\u00e9s es reconocido como uno de los mejores perros para la caza. Nuestro programa de cr\u00eda est\u00e1 dise\u00f1ado para preservar y potenciar este instinto. Los cachorros son entrenados desde temprana edad, desarrollando su capacidad para rastrear y trabajar en el campo, siempre con respeto hacia el entorno natural.<\/p><h4 data-start=\"1425\" data-end=\"1450\"><strong data-start=\"1430\" data-end=\"1450\">Cr\u00eda Responsable<\/strong><\/h4><p data-start=\"1451\" data-end=\"1774\">Nuestro compromiso no termina con la entrega del cachorro. Practicamos una cr\u00eda responsable, lo que implica proporcionar informaci\u00f3n y apoyo a las familias adoptantes, asegur\u00e1ndonos de que nuestros perros crezcan en un entorno adecuado y feliz. Adem\u00e1s, trabajamos en pro de la preservaci\u00f3n de la raza y el bienestar animal.<\/p><p data-start=\"1776\" data-end=\"1932\" data-is-last-node=\"\" data-is-only-node=\"\">Con nuestra pasi\u00f3n y dedicaci\u00f3n, buscamos que cada Setter Ingl\u00e9s que criamos no solo sea un excelente perro de caza, sino tambi\u00e9n un compa\u00f1ero leal y noble.<\/p>\t\t\t\t\t\t\t\t<\/div>\n\t\t\t\t<\/div>\n\t\t\t\t\t<\/div>\n\t\t\t\t<\/div>\n\t\t\t\t\t<\/div>\n\t\t<\/div>\n\t\t\t\t\t<\/div>\n\t\t<\/section>\n\t\t\t\t<\/div>\n\t\t","protected":false},"excerpt":{"rendered":"<p>Cr\u00eda de Perros Setter Ingl\u00e9s: Compromiso con la Excelencia En nuestra labor de criar Setter Ingl\u00e9s, nos enfocamos en mantener y mejorar las cualidades excepcionales de esta raza. Nuestra filosof\u00eda est\u00e1 basada en cuatro pilares fundamentales que garantizan el bienestar de los animales y la satisfacci\u00f3n de nuestros clientes. Selecci\u00f3n Cuidadosa de Machos y Hembras&#8230;<\/p>\n","protected":false},"author":1,"featured_media":0,"parent":0,"menu_order":0,"comment_status":"closed","ping_status":"closed","template":"template-builder.php","meta":{"footnotes":""},"class_list":["post-5339","page","type-page","status-publish","hentry"],"_links":{"self":[{"href":"https:\/\/xn--saumendi-e3a.com\/index.php?rest_route=\/wp\/v2\/pages\/5339","targetHints":{"allow":["GET"]}}],"collection":[{"href":"https:\/\/xn--saumendi-e3a.com\/index.php?rest_route=\/wp\/v2\/pages"}],"about":[{"href":"https:\/\/xn--saumendi-e3a.com\/index.php?rest_route=\/wp\/v2\/types\/page"}],"author":[{"embeddable":true,"href":"https:\/\/xn--saumendi-e3a.com\/index.php?rest_route=\/wp\/v2\/users\/1"}],"replies":[{"embeddable":true,"href":"https:\/\/xn--saumendi-e3a.com\/index.php?rest_route=%2Fwp%2Fv2%2Fcomments&post=5339"}],"version-history":[{"count":7,"href":"https:\/\/xn--saumendi-e3a.com\/index.php?rest_route=\/wp\/v2\/pages\/5339\/revisions"}],"predecessor-version":[{"id":5523,"href":"https:\/\/xn--saumendi-e3a.com\/index.php?rest_route=\/wp\/v2\/pages\/5339\/revisions\/5523"}],"wp:attachment":[{"href":"https:\/\/xn--saumendi-e3a.com\/index.php?rest_route=%2Fwp%2Fv2%2Fmedia&parent=5339"}],"curies":[{"name":"wp","href":"https:\/\/api.w.org\/{rel}","templated":true}]}}